{"id":79,"date":"2025-10-16T18:39:07","date_gmt":"2025-10-16T18:39:07","guid":{"rendered":"https:\/\/jinshinjyutsu-heilkunst.de\/?page_id=79"},"modified":"2026-01-05T00:05:39","modified_gmt":"2026-01-05T00:05:39","slug":"selbsthilfe-1","status":"publish","type":"page","link":"https:\/\/jinshinjyutsu-heilkunst.de\/?page_id=79","title":{"rendered":"Selbsthilfe 1"},"content":{"rendered":"\n<div class=\"wp-block-columns is-layout-flex wp-container-core-columns-is-layout-28f84493 wp-block-columns-is-layout-flex\">\n<div class=\"wp-block-column is-layout-flow wp-block-column-is-layout-flow\">\n<figure class=\"wp-block-image size-full\"><img loading=\"lazy\" decoding=\"async\" width=\"76\" height=\"89\" src=\"https:\/\/jinshinjyutsu-heilkunst.de\/wp-content\/uploads\/2025\/10\/hand3.jpg\" alt=\"\" class=\"wp-image-70\"\/><\/figure>\n\n\n\n<p>Von Anfang an erlernen Sie die Kunst des Jin Shin Jyutsu in meinen Kursen anhand praktischer \u00dcbungen.<br>Sie k\u00f6nnen dabei das Vorgehen sowie die einsetzende Entspannung gleich an sich selbst erleben.<br><br>Ich leite Sie an, wie, wo und in welcher Reihenfolge die H\u00e4nde auf den K\u00f6rper gelegt werden. Dies nennt man im Jin Shin Jyutsu &#8220;Str\u00f6men&#8221;.<br>Ich erkl\u00e4re die einzelnen Schritte bzw. Sequenzen.<br>Dazu erl\u00e4utere ich die Grundlagen und habe Zeit f\u00fcr Ihre Fragen.<br><br>Die Gruppen und Kurse finden in der Regel im JeverNeun (s. rechte Spalte ) oder in meiner Privatpraxis in Wilmersdorf statt.<br><br>Sie k\u00f6nnen die Kurse &#8211; siehe rechte Spalte &#8211; besuchen, oder mich f\u00fcr einen Workshop in Ihrer Einrichtung, Praxis, Familie, f\u00fcr Ihr Team, Ihren Freundeskreis, die Kita-Gruppe o.\u00e4. buchen.<\/p>\n<\/div>\n\n\n\n<div class=\"wp-block-column is-layout-flow wp-block-column-is-layout-flow\">\n<p><strong>Offener, fortlaufender Selbsthilfekurs jeweils den 2. Donnerstag im Monat<\/strong><br>Ausnahme: 07.05.2026 statt 14.05.2026, da Feiertag und August: Sommerpause,<br>von 19:00 Uhr bis 21:00 Uhr<br>im Jugend-und Familienzentrum JeverNeun, Jeverstra\u00dfe 9, 12157 Berlin<br>Investition: 18 \u20ac &#8211; (15 \u20ac)<br><br>Vorkenntnisse nicht erforderlich.<br>Das Thema des Abends erhalten Sie mittels Newsletter.<br>Bitte melden Sie sich verbindlich unter\u00a0Kontakt\u00a0an!<br>Erstteilnehmer bitte ich um Vorgespr\u00e4ch.<br><\/p>\n\n\n\n<figure class=\"wp-block-image size-full\"><img loading=\"lazy\" decoding=\"async\" width=\"170\" height=\"128\" src=\"https:\/\/jinshinjyutsu-heilkunst.de\/wp-content\/uploads\/2025\/10\/bildstrom3.jpg\" alt=\"\" class=\"wp-image-82\"\/><\/figure>\n\n\n\n<p>Weitere Angebote bei Selbsthilfe 2 Nachfragen unter: <a href=\"https:\/\/jinshinjyutsu-heilkunst.de\/?page_id=111\" data-type=\"page\" data-id=\"111\">Impressum<\/a><\/p>\n<\/div>\n<\/div>\n\n\n\n<p><\/p>\n","protected":false},"excerpt":{"rendered":"<p>Von Anfang an erlernen Sie die Kunst des Jin Shin Jyutsu in meinen Kursen anhand praktischer \u00dcbungen.Sie k\u00f6nnen dabei das Vorgehen sowie die einsetzende Entspannung gleich an sich selbst erleben. Ich leite Sie an, wie, wo und in welcher Reihenfolge die H\u00e4nde auf den K\u00f6rper gelegt werden. Dies nennt man im Jin Shin Jyutsu &#8220;Str\u00f6men&#8221;.Ich [&hellip;]<\/p>\n","protected":false},"author":2,"featured_media":0,"parent":0,"menu_order":3,"comment_status":"closed","ping_status":"closed","template":"","meta":{"footnotes":""},"class_list":["post-79","page","type-page","status-publish","hentry"],"_links":{"self":[{"href":"https:\/\/jinshinjyutsu-heilkunst.de\/index.php?rest_route=\/wp\/v2\/pages\/79","targetHints":{"allow":["GET"]}}],"collection":[{"href":"https:\/\/jinshinjyutsu-heilkunst.de\/index.php?rest_route=\/wp\/v2\/pages"}],"about":[{"href":"https:\/\/jinshinjyutsu-heilkunst.de\/index.php?rest_route=\/wp\/v2\/types\/page"}],"author":[{"embeddable":true,"href":"https:\/\/jinshinjyutsu-heilkunst.de\/index.php?rest_route=\/wp\/v2\/users\/2"}],"replies":[{"embeddable":true,"href":"https:\/\/jinshinjyutsu-heilkunst.de\/index.php?rest_route=%2Fwp%2Fv2%2Fcomments&post=79"}],"version-history":[{"count":7,"href":"https:\/\/jinshinjyutsu-heilkunst.de\/index.php?rest_route=\/wp\/v2\/pages\/79\/revisions"}],"predecessor-version":[{"id":186,"href":"https:\/\/jinshinjyutsu-heilkunst.de\/index.php?rest_route=\/wp\/v2\/pages\/79\/revisions\/186"}],"wp:attachment":[{"href":"https:\/\/jinshinjyutsu-heilkunst.de\/index.php?rest_route=%2Fwp%2Fv2%2Fmedia&parent=79"}],"curies":[{"name":"wp","href":"https:\/\/api.w.org\/{rel}","templated":true}]}}