{"id":48,"date":"2025-10-16T13:40:42","date_gmt":"2025-10-16T13:40:42","guid":{"rendered":"https:\/\/jinshinjyutsu-heilkunst.de\/?page_id=48"},"modified":"2025-10-16T18:01:53","modified_gmt":"2025-10-16T18:01:53","slug":"jin-shin-jyutsu-heilkunst","status":"publish","type":"page","link":"https:\/\/jinshinjyutsu-heilkunst.de\/?page_id=48","title":{"rendered":"Heilkunst"},"content":{"rendered":"\n<div class=\"wp-block-group alignfull has-global-padding is-layout-constrained wp-container-core-group-is-layout-490fa1db wp-block-group-is-layout-constrained\" style=\"padding-top:var(--wp--preset--spacing--50);padding-right:var(--wp--preset--spacing--50);padding-bottom:var(--wp--preset--spacing--50);padding-left:var(--wp--preset--spacing--50)\">\n<div class=\"wp-block-columns is-layout-flex wp-container-core-columns-is-layout-61552176 wp-block-columns-is-layout-flex\" style=\"border-style:none;border-width:0px;margin-top:0;margin-bottom:0;padding-right:0;padding-left:0\">\n<div class=\"wp-block-column is-layout-flow wp-block-column-is-layout-flow\">\n<p>Jin Shin Jyutsu basiert auf uraltem<br>Menschheitswissen das jahrhundertelang nur m\u00fcndlich \u00fcberliefert wurde.<br>In Japan wurde es in verschl\u00fcsselter Form 712 v. Chr. im Kojiki (&#8220;Buch der alten Dinge&#8221;) niedergelegt.<\/p>\n\n\n\n<figure class=\"wp-block-image aligncenter size-full\"><img loading=\"lazy\" decoding=\"async\" width=\"170\" height=\"136\" src=\"https:\/\/jinshinjyutsu-heilkunst.de\/wp-content\/uploads\/2025\/10\/jiro.jpg\" alt=\"\" class=\"wp-image-50\"\/><\/figure>\n\n\n\n<p>Anfang des 20. Jh. wurde es von Jiro Murai wiederentdeckt, mittels eigener Forschungen weiterentwickelt und u.a. an Mary Burmeister, eine Japan\u2013Amerikanerin, weitergegeben.<br>Mary &#8220;\u00fcbersetzte&#8221; dieses Wissen aus dem Japanischen, indem sie es mit westlicher Philosophie und Weisheit verband.<\/p>\n<\/div>\n\n\n\n<div class=\"wp-block-column is-layout-flow wp-block-column-is-layout-flow\">\n<p>Im Kern ist Jin Shin Jyutsu eine Lebenskunst MICH SELBST KENNEN-(mir helfen)-LERNEN,<br>um mich selbst zu erkennen und mit den Gesetzen des Universums in Einklang zu bringen.<br>Jin Shin Jyutsu wirkt zugleich auf geistiger, physischer und psychischer Ebene.<br>Es aktiviert die Selbstheilungskr\u00e4fte des K\u00f6rpers.<\/p>\n\n\n\n<figure class=\"wp-block-image aligncenter size-full\"><img loading=\"lazy\" decoding=\"async\" width=\"170\" height=\"136\" src=\"https:\/\/jinshinjyutsu-heilkunst.de\/wp-content\/uploads\/2025\/10\/mary.jpg\" alt=\"\" class=\"wp-image-51\"\/><\/figure>\n\n\n\n<p>Weiterf\u00fchrende Informationen finden Sie unter: Mary Burmeister: Jin Shin Jyutsu IST.<br><br>Selbsthilfeb\u00fccher<br>Waltraud Riegger \u2013 Krause:<br>Jin Shin Jyutsu; Die Kunst der Selbstheilung durch Auflegen der H\u00e4nde<\/p>\n\n\n\n<p><strong>Hinweis:<\/strong><br>Jin Shin Jyutsu beansprucht nicht, die herk\u00f6mmlichen Formen der medizinischen Behandlung zu ersetzen.<\/p>\n<\/div>\n<\/div>\n<\/div>\n\n\n\n<p><\/p>\n","protected":false},"excerpt":{"rendered":"<p>Jin Shin Jyutsu basiert auf uraltemMenschheitswissen das jahrhundertelang nur m\u00fcndlich \u00fcberliefert wurde.In Japan wurde es in verschl\u00fcsselter Form 712 v. Chr. im Kojiki (&#8220;Buch der alten Dinge&#8221;) niedergelegt. Anfang des 20. Jh. wurde es von Jiro Murai wiederentdeckt, mittels eigener Forschungen weiterentwickelt und u.a. an Mary Burmeister, eine Japan\u2013Amerikanerin, weitergegeben.Mary &#8220;\u00fcbersetzte&#8221; dieses Wissen aus dem [&hellip;]<\/p>\n","protected":false},"author":2,"featured_media":0,"parent":0,"menu_order":1,"comment_status":"closed","ping_status":"closed","template":"","meta":{"footnotes":""},"class_list":["post-48","page","type-page","status-publish","hentry"],"_links":{"self":[{"href":"https:\/\/jinshinjyutsu-heilkunst.de\/index.php?rest_route=\/wp\/v2\/pages\/48","targetHints":{"allow":["GET"]}}],"collection":[{"href":"https:\/\/jinshinjyutsu-heilkunst.de\/index.php?rest_route=\/wp\/v2\/pages"}],"about":[{"href":"https:\/\/jinshinjyutsu-heilkunst.de\/index.php?rest_route=\/wp\/v2\/types\/page"}],"author":[{"embeddable":true,"href":"https:\/\/jinshinjyutsu-heilkunst.de\/index.php?rest_route=\/wp\/v2\/users\/2"}],"replies":[{"embeddable":true,"href":"https:\/\/jinshinjyutsu-heilkunst.de\/index.php?rest_route=%2Fwp%2Fv2%2Fcomments&post=48"}],"version-history":[{"count":9,"href":"https:\/\/jinshinjyutsu-heilkunst.de\/index.php?rest_route=\/wp\/v2\/pages\/48\/revisions"}],"predecessor-version":[{"id":95,"href":"https:\/\/jinshinjyutsu-heilkunst.de\/index.php?rest_route=\/wp\/v2\/pages\/48\/revisions\/95"}],"wp:attachment":[{"href":"https:\/\/jinshinjyutsu-heilkunst.de\/index.php?rest_route=%2Fwp%2Fv2%2Fmedia&parent=48"}],"curies":[{"name":"wp","href":"https:\/\/api.w.org\/{rel}","templated":true}]}}